d by 95?
24
Let p = -45 + 52. Let t be ((-2)/p)/(-1) + 75/7. Suppose 5*f + t = 6*f + 3*l, 0 = -2*l. Calculate the remainder when 21 is divided by f.
10
Suppose -11*i + 10*i + 36 = 0. Suppose -u + 4*p = i, 0 = 3*u + 2*p + 2*p + 172. Let l = -43 - u. Calculate the remainder when 44 is divided by l.
8
Calculate the remainder when (-302)/(-3*(-10)/(-390)) is divided by 119.
118
Let c(h) = -2*h**3 - 37*h**2 - 22*h - 30. Let l be c(-18). Suppose 23 = -41*u + l*u. Calculate the remainder when 159 is divided by u.
21
Calculate the remainder when 693/(-594) + 22886/12 is divided by 160.
146
Let z = -213 + 239. Suppose 9*k = 271 + z. Suppose -9 = -2*m + 9. What is the remainder when k is divided by m?
6
Let p(s) = -31*s - 40. Let n(w) = 4*w - 4. Let k(c) = -c**3 + 6*c**2 - 5*c + 6. Let i be k(5). What is the remainder when p(-7) is divided by n(i)?
17
Suppose 2424 = 126*f - 726. What is the remainder when 1349 is divided by f?
24
Suppose 0 = 4*f + 12, 5*f - 2*f - 263 = -2*c. Calculate the remainder when c is divided by 96.
40
Let v = -33217 + 33556. What is the remainder when 2409 is divided by v?
36
Suppose 477*y = 476*y + 5. Suppose 1154 = y*m + 3*r, 3*m - 244 = 2*r + 437. Calculate the remainder when m is divided by 26.
21
Let v(y) = -17*y**2 + 68*y. Let m be v(4). Suppose m = -103*z + 105*z - 478. Calculate the remainder when z is divided by 9.
5
Let f(j) = -35*j + 47. Let b be f(10). Let z = -47 - b. Calculate the remainder when z is divided by 43.
41
Suppose 3*v + 225*l - 228*l - 936 = 0, 8*l = 3*v - 931. Calculate the remainder when v is divided by 109.
95
Suppose -a - 2*s = 45, 4*a + 95 + 37 = 4*s. Let g = a - -43. Calculate the remainder when 56/7 - (3 - g) is divided by 4.
3
Suppose -3*a + 3 = 0, 315 = -58*q + 62*q - 5*a. Calculate the remainder when 274 is divided by q.
34
Let m(w) = 267*w - 3403. What is the remainder when 506 is divided by m(13)?
30
Let j(g) = g**2 + 6*g - 95. Suppose -570*w = -577*w + 413. Calculate the remainder when j(-17) is divided by w.
33
Let i(d) = -34*d + 195. Let c be i(6). Let w(v) = v**2 + 2*v - 34. What is the remainder when 316 is divided by w(c)?
26
Suppose -22 = -b - 2*q, -13*b - 30 = -14*b + 2*q. Calculate the remainder when 153 is divided by b.
23
Let w(h) = -2*h**2 + 6. Suppose 2*t = 2*j, -3*t = -8*t + j. Let f be w(t). Suppose f*m - 376 = -2*m. Calculate the remainder when m is divided by 13.
8
Let u = -4331 - -4527. What is the remainder when u is divided by 91?
14
Let g(f) = -f + 45. Suppose -26*o - 3*a = -22*o - 401, 0 = 3*o - a - 317. What is the remainder when o is divided by g(13)?
8
Let b = 20 - 20. Suppose b = -4*p - 2 + 6. Let w(g) = 41*g**2 + g - 1. Calculate the remainder when w(p) is divided by 14.
13
Let b = 1122 + 1047. Calculate the remainder when b is divided by 128.
121
Let l = -17991 - -18283. Calculate the remainder when l is divided by 284.
8
Let w(a) = -a - 82. Let s be w(-21). Let i = -44 - s. What is the remainder when 61 is divided by i?
10
Let f = 20 + -16. Suppose -f*p = 2*n - p - 200, 0 = 2*p + 8. Suppose i = -0*i - 4, i = 2*l - n. What is the remainder when l is divided by 18?
15
Calculate the remainder when ((-342)/(-15))/((-202)/(-16665)) is divided by 17.
11
What is the remainder when 508 is divided by (4 + (1 - 35))*(1 + -2)?
28
Let x = -25 - -25. Suppose t - 60 = -10*j + 7*j, x = 4*t - j - 227. Calculate the remainder when 164 is divided by t.
50
Let n = 9 - 8. Suppose -n + 3 = q + 4*r, r - 11 = 5*q. Calculate the remainder when (1 + 81/(-2) + 2)*q is divided by 26.
23
Suppose -4*i - 985 = -3*u - 3176, 2779 = 5*i + 2*u. What is the remainder when i is divided by 31?
26
Let o = 1103 + -1086. Calculate the remainder when 31*2 + 20 + -17 is divided by o.
14
Let o = -248 + 248. Suppose o = -18*m + 96 - 6. What is the remainder when 18 is divided by m?
3
Suppose 2*g - g = 0. Let j(y) = y**2 + 2*y + 26. Let t = 491 - 440. What is the remainder when t is divided by j(g)?
25
Suppose 0 = 3*r - 5*t + 5, -13 = 5*r - 3*t - 10. Suppose -5*n + 11*n - 192 = r. What is the remainder when 219 is divided by n?
27
Let w(h) = -48*h + 1. Let j(k) = 4*k**2 + 1. Let g be j(-1). Let p(x) = -11*x + 80. What is the remainder when w(-1) is divided by p(g)?
24
Let l(q) = -2*q**2 + 53*q + 972. Calculate the remainder when l(38) is divided by 45.
8
Let j(p) = 31*p**2 + 555*p - 35. What is the remainder when (-8)/24 + (-410)/(-6) is divided by j(-18)?
11
Let x = 171 - 178. Calculate the remainder when 352 is divided by (18/(-12))/(((-63)/(-426))/x).
68
Suppose 5207 = 137*s - 5068. What is the remainder when 671 is divided by s?
71
Suppose 0 = -807*j + 808*j - 99. What is the remainder when j is divided by 14?
1
Let p(y) = y**3 + 27*y**2 + 28*y + 54. Let n be p(-26). Suppose -q = -3*k - 33, -3*q + 11 + 53 = -n*k. Calculate the remainder when 48 is divided by q.
12
Let n be 1/((-9)/132)*3/1. Suppose -2*k - i = 68, 0*k = 5*k - 2*i + 170. Let v = k - n. What is the remainder when 38 is divided by v?
8
Suppose 107*s - 414557 = 153399. Calculate the remainder when s is divided by 1769.
1
Suppose 153 = 6*i - 63. Suppose 5*p + i = 14*p. Suppose -r = f - 50, r + p*f - 255 = -4*r. Calculate the remainder when r is divided by 14.
13
Suppose 98 = 3*p + 2*a - 532, -5*p + 1051 = 3*a. Calculate the remainder when 1524 is divided by p.
40
Suppose 4865 = 4*b + 4553. Calculate the remainder when 2179 is divided by b.
73
Calculate the remainder when (26304/128)/(12/112) is divided by 19.
18
Suppose 2*l - 5*l + 6 = 0. Suppose 0 = 5*x + l - 27. Suppose -198 = -w - x*w. Calculate the remainder when 94 is divided by w.
28
Suppose 0 = -6*l + 4*l - 3*f + 218, -3*l + f + 349 = 0. Calculate the remainder when l is divided by 31.
22
Let d(p) = p**2 + 5*p - 6. Suppose -243*f = -270*f + 6453. Calculate the remainder when f is divided by d(4).
29
Let k = -11 - -16. Suppose 48 = -k*h + 8*h. What is the remainder when 236 is divided by h?
12
Let d be (-3 - 47)*(11 - 1). Calculate the remainder when 13 is divided by d/75*(-6)/4.
3
Suppose 2*t + 0*f - 30 = f, f + 2 = 0. Suppose -14*a = -637 + 217. Suppose t*j = 16*j - a. What is the remainder when 28 is divided by j?
13
Let b be -4 + (-2 - (-13 - (-2 + -1))). Let o be (1 + 11)/b + -1. Suppose -5*d + 72 = 3*h, -5*d + 46 = -o*d - h. Calculate the remainder when d is divided by 4.
3
Suppose 0*p - 4*p + 4699 = -5*u, -4*p + 4705 = u. What is the remainder when p is divided by 291?
12
Suppose -30 = 2*i - 20. Calculate the remainder when i - -8 - (0 - 98) is divided by 51.
50
Let v(p) = -p**3 + 11*p**2 + 15*p - 124. Let f be v(12). What is the remainder when -5 - ((-1637)/15 - f/660) is divided by 36?
32
Suppose 0 = 3747*c - 3736*c - 1804. What is the remainder when c is divided by 65?
34
Suppose -7*b = -0*b - 483. Let r = b + 11. Suppose -5*g + 4*c = -35 - 42, -r = -5*g + 5*c. Calculate the remainder when 64 is divided by g.
12
Suppose -5*m = -76 - 14. Suppose 2*y + 13752*z = 13748*z + 158, -7*z = -98. What is the remainder when y is divided by m?
15
Let a(i) be the first derivative of i**4/4 + i**2 + 4*i - 14. What is the remainder when 20 is divided by a(0)?
0
Let t(q) = -37*q - 189. Let z be t(-9). Let l = z - 120. What is the remainder when 39 is divided by l?
15
Let h = -628 + 665. Let x(g) = -g**2 - 10*g + 24. Let k be x(-12). Suppose 4*l - 45 - 7 = k. Calculate the remainder when h is divided by l.
11
Let z = 160 + -109. Calculate the remainder when 828 is divided by z.
12
Let q(g) = 68*g**2 + 488*g - 2499. What is the remainder when q(5) is divided by 817?
7
What is the remainder when 1458 is divided by 3 - -34 - ((-20)/5 - (3 - 10))?
30
Suppose 3*w - 8*w - 3*s = -3, -4*w - 3*s = 0. Suppose -t + 74 = w*p, 5*p - 4*p = -4*t + 32. What is the remainder when 69 is divided by p?
21
Let z = 27601 + -27090. Calculate the remainder when z is divided by 504.
7
Let u(f) = -f**3 - 15*f**2 - 44*f - 8. What is the remainder when 76 is divided by u(-3)?
12
Let f = 359580 + -359434. Let y = -62 + 92. Calculate the remainder when f is divided by y.
26
Let y(w) = w**3 + 6*w**2 + 5*w. Let a be y(-5). Let n = a - 2. Calculate the remainder when 41 is divided by -1 - (n - -4) - 10*-1.
6
Calculate the remainder when (-33)/2*820/(-123) is divided by ((-14)/3)/(1/(-3)).
12
What is the remainder when 19